*2 - i + 4. What is n(-2)?
-2
Let p(k) = -2*k - 6. Give p(5).
-16
Let i(x) = -11*x**2 + 3*x + 3. What is i(-2)?
-47
Let a(s) = 15*s - 5. Determine a(0).
-5
Let l(p) = -p**2 - 5*p + 17. Determine l(-8).
-7
Let f(z) = -5*z + 86. What is f(20)?
-14
Let t(n) = -n**3 - 9*n**2 - 9*n + 3. What is t(-8)?
11
Let p(r) = 24*r**2 - 2*r + 14. What is p(3)?
224
Let h(g) = g**3 - 31*g**2 - 26*g - 25. What is h(32)?
167
Let r(p) = -p**2 - 7*p - 23. Give r(-6).
-17
Let f(s) = -2*s**3 - 26*s**2 + 25*s - 33. Determine f(-14).
9
Let n(l) = -2*l**3 - 20*l**2 - 23*l - 11. What is n(-9)?
34
Let p(u) = 5*u - 47. What is p(11)?
8
Let p(g) = g**3 - 18*g**2 + 18*g - 18. What is p(17)?
-1
Let h(p) = p**3 + 8*p**2 + 8*p + 15. Calculate h(-7).
8
Let r(j) = 11*j - 49. Determine r(4).
-5
Let t(c) = c**3 - 11*c**2 - 6*c - 30. Determine t(11).
-96
Let r(p) = p**3 + 15*p**2 - 6*p + 12. What is r(-15)?
102
Let s(h) = -h**3 + 7*h**2 + 8*h + 5. Give s(8).
5
Let y(f) = f**2 + 29. What is y(0)?
29
Let p(g) = -g**3 + 20*g**2 - 38*g + 17. Calculate p(18).
-19
Let w(j) = -j - 52. Give w(20).
-72
Let z(j) = j**3 - 3*j**2 - 6*j + 7. Determine z(5).
27
Let f(p) = -p**3 + 12*p**2 + 8*p - 12. Determine f(13).
-77
Let v(h) = -3*h**3 + 3*h**2 - 2. Determine v(3).
-56
Let b(d) = 4*d**2 + 3*d - 4. Give b(-4).
48
Let y(a) = -a + 11. Give y(10).
1
Let t(m) = m**2 + 45*m + 382. What is t(-11)?
8
Let a(m) = m**2 - 9*m + 7. Calculate a(7).
-7
Let i(l) = -12*l**3 + 2*l**2 - 4*l - 7. Give i(-2).
105
Let x(n) = n + 25. Determine x(7).
32
Let i(d) = -d + 7. Calculate i(13).
-6
Let y(r) = 2*r**2 + 6*r + 4. What is y(-4)?
12
Let a(m) = 2*m - 38. Determine a(19).
0
Let i(b) = b**3 + 26*b**2 + 24*b + 61. Give i(-25).
86
Let s(t) = -3*t**2 - 9. Calculate s(7).
-156
Let m(i) = 8*i**3 - 1. What is m(1)?
7
Let y(c) = -c**3 - 14*c**2 - 2*c - 5. Give y(-14).
23
Let j(l) = -15*l + 36. Determine j(4).
-24
Let r(x) = x**3 - 7*x**2 - 3*x + 12. Calculate r(7).
-9
Let o(c) = -3*c**2 + c + 2. Give o(3).
-22
Let y(f) = -5*f + 51. Give y(8).
11
Let j(o) = -2*o**2 - 29*o - 61. Calculate j(-12).
-1
Let n(k) = 3*k**2 - 3*k - 1. Calculate n(2).
5
Let c(y) = 31*y + 33. Determine c(-1).
2
Let b(f) = -f**3 + 2*f**2 - 10. Give b(0).
-10
Let m(l) = l**2 + 19*l + 73. Give m(-11).
-15
Let l(k) = 16*k**2 + 1. Give l(-1).
17
Let f(s) = s**3 - 6*s**2 + 5*s - 2. Give f(4).
-14
Let q(b) = b**3 - 17*b**2 - 19*b + 13. What is q(18)?
-5
Let i(w) = -w**3 - 9*w**2 + 10*w. Determine i(-10).
0
Let h(z) = z**3 - 4*z**2 - 11*z + 23. What is h(3)?
-19
Let z(n) = 15*n + 11. What is z(-4)?
-49
Let t(b) = -9*b - 278. Determine t(-33).
19
Let t(o) = o**3 - 8*o**2 + 8*o + 4. Determine t(6).
-20
Let k(o) = 5*o**2 + 5*o + 5. What is k(-1)?
5
Let f(w) = 9*w. Give f(-5).
-45
Let z(g) = -6*g**2. Calculate z(-2).
-24
Let w(p) = p + 3. Give w(-4).
-1
Let b(k) = -2*k**2 + 48. Give b(-8).
-80
Let t(u) = -32*u**3 + 2*u**2 + u. Determine t(-1).
33
Let x(k) = -2*k**2 + 8*k + 2. Determine x(4).
2
Let j(n) = n**3 + 2*n**2 - 3*n + 6. Give j(-4).
-14
Let s(o) = -14*o - 14. Calculate s(-4).
42
Let q(g) = -g**3 + 39*g**2 + 82*g - 2. Calculate q(41).
-2
Let f(w) = -w**2 - 10*w + 23. Give f(-12).
-1
Let y(s) = -3*s - 28. Calculate y(-16).
20
Let q(h) = h**3 - 4*h**2 + h + 1. Determine q(3).
-5
Let s(d) = d**2 + 8*d - 7. What is s(-7)?
-14
Let f(l) = -8*l - 28. Give f(-11).
60
Let q(m) = m**3 + 11*m**2 + 10*m - 25. Calculate q(-10).
-25
Let d(l) = 8*l - 1. Calculate d(-3).
-25
Let p(a) = a**2 + 2*a - 2. Give p(1).
1
Let k(t) = 3*t**2 + 4*t - 6. Give k(-5).
49
Let d(s) = -s**2 + 2*s + 12. What is d(4)?
4
Let t(m) = 54*m + 346. Give t(-6).
22
Let j(k) = -k**2 - 6*k + 4. What is j(-3)?
13
Let u(x) = -x**3 - 4*x**2 + 4*x + 1. What is u(-4)?
-15
Let w(d) = d**2 + d - 3. Calculate w(7).
53
Let r(p) = 35*p + 11. Calculate r(-2).
-59
Let d(c) = -c**3 + 2*c**2 - 4. Give d(3).
-13
Let z(r) = 4*r - 155. What is z(40)?
5
Let q(c) = 3*c - 76. Give q(19).
-19
Let m(q) = -q**2 - 4*q - 2. Calculate m(-1).
1
Let w(p) = -7*p + 7. What is w(2)?
-7
Let s(u) = -20*u + 588. Calculate s(30).
-12
Let j(o) = -o**3 + o**2 + o + 4. What is j(5)?
-91
Let t(g) = g**2 + 4*g - 3. Calculate t(-6).
9
Let w(d) = d**3 + 11*d**2 - d + 19. What is w(-11)?
30
Let t(q) = -3*q - 10. Give t(-8).
14
Let b(a) = a**3 + 4*a**2 + 2*a - 5. Give b(-4).
-13
Let s(k) = k**2 + 5*k - 7. Give s(-7).
7
Let r(g) = -g**3 - g**2 - 3*g - 1. Calculate r(-2).
9
Let r(x) = x**2 + 18*x + 10. What is r(-18)?
10
Let g(o) = o**2 + 6*o + 16. Give g(-5).
11
Let h(q) = q**2 - 7*q + 3. Determine h(9).
21
Let h(d) = 144*d**3 + 3*d**2 - 2*d. What is h(1)?
145
Let c(l) = 7*l - 58. What is c(10)?
12
Let z(r) = -35*r + 206. Determine z(6).
-4
Let h(o) = -3*o - 3. Calculate h(0).
-3
Let n(f) = 8*f - 2. Determine n(2).
14
Let k(q) = -13*q - 32. Calculate k(-4).
20
Let b(w) = -2*w + 4. Give b(8).
-12
Let x(a) = a**2 - 11*a + 24. What is x(8)?
0
Let x(m) = -m**2 - 24. Determine x(0).
-24
Let d(y) = -y**3 - 5*y**2 + y + 4. Give d(-3).
-17
Let b(x) = 13*x**3 + 2*x**2 - x. Determine b(1).
14
Let q(t) = -10*t - 8. Determine q(0).
-8
Let m(u) = -u**2 + 2*u. Give m(-2).
-8
Let q(r) = -r**3 - 10*r**2 - 11*r - 7. Give q(-8).
-47
Let g(r) = r**2 + 7*r - 13. Determine g(-9).
5
Let m(k) = -6*k - 45. What is m(-7)?
-3
Let d(b) = 6*b + 1. What is d(7)?
43
Let a(n) = -n**3 - 4*n**2 + 3*n + 7. Give a(-5).
17
Let j(x) = 3*x + 58. Determine j(-18).
4
Let x(w) = w**3 + 7*w**2 + 6*w + 11. What is x(-8)?
-101
Let c(q) = -q**3 + 7*q**2 - 8*q + 8. Determine c(6).
-4
Let l(b) = -b**2 + 13*b - 27. Calculate l(10).
3
Let s(n) = 2*n**2 - 26*n + 13. Give s(13).
13
Let k(o) = -o**3 - 3*o**2 + 3*o. Give k(-3).
-9
Let t(h) = -h**3 + 9*h**2 + 11*h - 17. What is t(10)?
-7
Let g(i) = -2*i**2 - 15*i - 20. What is g(-7)?
-13
Let g(y) = y**3 + 37*y**2 + 40*y + 125. Calculate g(-36).
-19
Let h(b) = -8*b**2 + 2*b - 1. Give h(1).
-7
Let a(m) = m**3 + 6*m**2 + 8*m - 2. What is a(-6)?
-50
Let u(h) = h**3 + 4*h**2 + 4*h + 7. Determine u(-3).
4
Let z(q) = 2*q**3 + 6*q**2 - 10*q - 6. Give z(-4).
2
Let l(c) = -c**3 - 17*c**2 - 15*c + 5. Calculate l(-16).
-11
Let n(f) = -f**3 + 12*f**2 - 2*f - 4. Determine n(12).
-28
Let r(q) = -12*q - 12. Give r(-1).
0
Let d(z) = 23*z**2 + 6*z + 5. Calculate d(-2).
85
Let u(l) = -24*l + 12. Determine u(0).
12
Let b(v) = -57*v**3 + 2*v**2 - v. Determine b(1).
-56
Let l(f) = -4*f**2 + 28*f + 2. Determine l(7).
2
Let y(t) = -2*t**2 + 3. Calculate y(3).
-15
Let u(k) = -k**2 + 6*k + 3. What is u(7)?
-4
Let d(v) = 2*v - 16. Give d(5).
-6
Let l(s) = -s**3 + 8*s**2 - 6*s. Determine l(7).
7
Let q(g) = -g**2 + 15*g + 2. What is q(-7)?
-152
Let m(f) = f**3 - 32*f**2 - f + 18. What is m(32)?
-14
Let d(x) = -x**3 + 13*x**2 - 4*x - 11. What is d(13)?
-63
Let s(n) = -16*n - 4. Determine s(-4).
60
Let g(m) = -5*m - 2. Calculate g(-2).
8
Let s(w) = 2*w**2 - 35*w + 23. Determine s(17).
6
Let j(k) = 18*k + 3. Determine j(-2).
-33
Let r(l) = -l + 3. Determine r(-7).
10
Let p(w) = -w**3 - 3*w**2 + 7*w - 13. Give p(-6).
53
Let n(h) = 4*h - 29. Determine n(5).
-9
Let x(n) = n**3 + 42*n**2 - 132*n + 140. Give x(-45).
5
Let t(i) = i + 32. What is t(-22)?
10
Let a(i) = -28*i**3 - i**2 - 4*i - 4. What is a(-1)?
27
Let y(v) = -3*v + 104. Give y(27).
23
Let h(i) = 5*i - 3. Calculate h(0).
-3
Let u(r) = 17*r**2 + 3*r + 2. Determine u(-1).
16
Let i(g) = g + 15. Determine i(-19).
-4
Let l(i) = i**2 - 5*i + 2. Determine l(4).
-2
Let p(u) = 5*u**2 + 29*u + 11. What is p(-6)?
17
Let n(y) = -y**2 - 3*y + 7. Determine n(-6).
-11
Let t(z) = -7*z**3 - 2*z**2 + z + 2. Give t(-1).
6
Let m(a) = a**2 + 12*a - 13. Determine m(-15).
32
Let o(l) = l**3 - 11*l**2 + 10*l + 22. Give o(10).
22
Let o(k) = k**2 + 2*k - 18. Calculate o(3).
-3
Let z(h) = h - 28. What is z(23)?
-5
Let x(y) = y**2 - 10*y + 4. Determine x(9).
-5
Let p(j) = -40*j**3 - 2*j**2 - 2*j - 1. Give p(-1).
39
Let t(m) = -m**3 + 10*m**2 + 13*m - 16. Determine t(11).
6
Let c(r) = -2*r**2 + 36*r - 14. Give c(15).
76
Let c(j) = -j**2 - 5*j + 4. Give c(2).
-10
Let d(l) = -l**2 - 10*l - 1. What is d(-9)?
8
Let n(h) = -h + 11. What is n(11)?
0
Let z(o) = -o**3 - 2*o**2 - 4*o + 5. What is z(-4)?
53
Let s(q) = -q**3 - 12*q**2 - q + 14. Calculate s(-12).
26
Let n(g) = -g**3 + 22*g**2 - 20*g - 1. What is n(21)?
20
Let t(z) = -4*z - 18. Give t(-6).
